[INFO] cloning repository https://github.com/cmt227/crypto
[INFO] running `Command { std: "git" "-c" "credential.helper=" "-c" "credential.helper=/workspace/cargo-home/bin/git-credential-null" "clone" "--bare" "https://github.com/cmt227/crypto" "/workspace/cache/git-repos/https%3A%2F%2Fgithub.com%2Fcmt227%2Fcrypto", kill_on_drop: false }`
[INFO] [stderr] Cloning into bare repository '/workspace/cache/git-repos/https%3A%2F%2Fgithub.com%2Fcmt227%2Fcrypto'...
[INFO] running `Command { std: "git" "rev-parse" "HEAD", kill_on_drop: false }`
[INFO] [stdout] b5b9667f7259d3fa291369f677ecd010876776da
[INFO] checking cmt227/crypto against master#af3c6e733a40e671550e0f0f5aeecaa13772ba56 for pr-74989
[INFO] running `Command { std: "git" "clone" "/workspace/cache/git-repos/https%3A%2F%2Fgithub.com%2Fcmt227%2Fcrypto" "/workspace/builds/worker-6/source", kill_on_drop: false }`
[INFO] [stderr] Cloning into '/workspace/builds/worker-6/source'...
[INFO] [stderr] done.
[INFO] validating manifest of git repo https://github.com/cmt227/crypto on toolchain af3c6e733a40e671550e0f0f5aeecaa13772ba56
[INFO] running `Command { std: "/workspace/cargo-home/bin/cargo" "+af3c6e733a40e671550e0f0f5aeecaa13772ba56" "read-manifest" "--manifest-path" "Cargo.toml", kill_on_drop: false }`
[INFO] started tweaking git repo https://github.com/cmt227/crypto
[INFO] finished tweaking git repo https://github.com/cmt227/crypto
[INFO] tweaked toml for git repo https://github.com/cmt227/crypto written to /workspace/builds/worker-6/source/Cargo.toml
[INFO] crate git repo https://github.com/cmt227/crypto already has a lockfile, it will not be regenerated
[INFO] running `Command { std: "/workspace/cargo-home/bin/cargo" "+af3c6e733a40e671550e0f0f5aeecaa13772ba56" "fetch" "--locked" "--manifest-path" "Cargo.toml", kill_on_drop: false }`
[INFO] [stderr] error: the lock file /workspace/builds/worker-6/source/Cargo.lock needs to be updated but --locked was passed to prevent this
[INFO] [stderr] If you want to try to generate the lock file without accessing the network, use the --offline flag.
[INFO] the lockfile is outdated, regenerating it
[INFO] running `Command { std: "/workspace/cargo-home/bin/cargo" "+af3c6e733a40e671550e0f0f5aeecaa13772ba56" "generate-lockfile" "--manifest-path" "Cargo.toml" "-Zno-index-update", kill_on_drop: false }`
[INFO] running `Command { std: "/workspace/cargo-home/bin/cargo" "+af3c6e733a40e671550e0f0f5aeecaa13772ba56" "fetch" "--locked" "--manifest-path" "Cargo.toml", kill_on_drop: false }`
[INFO] running `Command { std: "docker" "create" "-v" "/var/lib/crater-agent-workspace/builds/worker-6/target:/opt/rustwide/target:rw,Z" "-v" "/var/lib/crater-agent-workspace/builds/worker-6/source:/opt/rustwide/workdir:ro,Z" "-v" "/var/lib/crater-agent-workspace/cargo-home:/opt/rustwide/cargo-home:ro,Z" "-v" "/var/lib/crater-agent-workspace/rustup-home:/opt/rustwide/rustup-home:ro,Z" "-e" "SOURCE_DIR=/opt/rustwide/workdir" "-e" "CARGO_TARGET_DIR=/opt/rustwide/target" "-e" "CARGO_HOME=/opt/rustwide/cargo-home" "-e" "RUSTUP_HOME=/opt/rustwide/rustup-home" "-w" "/opt/rustwide/workdir" "-m" "1610612736" "--user" "0:0" "--network" "none" "rustops/crates-build-env@sha256:d92eaeed33fa75130ca1ee6c8a01d1ffb62bac859dfdfb3450e3e5d1c0146529" "/opt/rustwide/cargo-home/bin/cargo" "+af3c6e733a40e671550e0f0f5aeecaa13772ba56" "metadata" "--no-deps" "--format-version=1", kill_on_drop: false }`
[INFO] [stderr] WARNING: Your kernel does not support swap limit capabilities or the cgroup is not mounted. Memory limited without swap.
[INFO] [stdout] 983cd1e107d4965fb9438f62bb71120ebd7ac24ad1cea5099a9862cd245a1bfc
[INFO] running `Command { std: "docker" "start" "-a" "983cd1e107d4965fb9438f62bb71120ebd7ac24ad1cea5099a9862cd245a1bfc", kill_on_drop: false }`
[INFO] running `Command { std: "docker" "inspect" "983cd1e107d4965fb9438f62bb71120ebd7ac24ad1cea5099a9862cd245a1bfc", kill_on_drop: false }`
[INFO] running `Command { std: "docker" "rm" "-f" "983cd1e107d4965fb9438f62bb71120ebd7ac24ad1cea5099a9862cd245a1bfc", kill_on_drop: false }`
[INFO] [stdout] 983cd1e107d4965fb9438f62bb71120ebd7ac24ad1cea5099a9862cd245a1bfc
[INFO] running `Command { std: "docker" "create" "-v" "/var/lib/crater-agent-workspace/builds/worker-6/target:/opt/rustwide/target:rw,Z" "-v" "/var/lib/crater-agent-workspace/builds/worker-6/source:/opt/rustwide/workdir:ro,Z" "-v" "/var/lib/crater-agent-workspace/cargo-home:/opt/rustwide/cargo-home:ro,Z" "-v" "/var/lib/crater-agent-workspace/rustup-home:/opt/rustwide/rustup-home:ro,Z" "-e" "SOURCE_DIR=/opt/rustwide/workdir" "-e" "CARGO_TARGET_DIR=/opt/rustwide/target" "-e" "CARGO_INCREMENTAL=0" "-e" "RUST_BACKTRACE=full" "-e" "RUSTFLAGS=--cap-lints=forbid" "-e" "CARGO_HOME=/opt/rustwide/cargo-home" "-e" "RUSTUP_HOME=/opt/rustwide/rustup-home" "-w" "/opt/rustwide/workdir" "-m" "1610612736" "--user" "0:0" "--network" "none" "rustops/crates-build-env@sha256:d92eaeed33fa75130ca1ee6c8a01d1ffb62bac859dfdfb3450e3e5d1c0146529" "/opt/rustwide/cargo-home/bin/cargo" "+af3c6e733a40e671550e0f0f5aeecaa13772ba56" "check" "--frozen" "--all" "--all-targets" "--message-format=json", kill_on_drop: false }`
[INFO] [stdout] 35b2056dd4f9128ba448e9099c74581b97210c3257bf102c83d5cb80fecce956
[INFO] [stderr] WARNING: Your kernel does not support swap limit capabilities or the cgroup is not mounted. Memory limited without swap.
[INFO] running `Command { std: "docker" "start" "-a" "35b2056dd4f9128ba448e9099c74581b97210c3257bf102c83d5cb80fecce956", kill_on_drop: false }`
[INFO] [stderr]     Checking crypto v0.1.0 (/opt/rustwide/workdir)
[INFO] [stdout] warning: `...` range patterns are deprecated
[INFO] [stdout]   --> src/converter.rs:21:23
[INFO] [stdout]    |
[INFO] [stdout] 21 |                   b'0'...b'9'
[INFO] [stdout]    |                       ^^^ help: use `..=` for an inclusive range
[INFO] [stdout]    |
[INFO] [stdout]    = note: `#[warn(ellipsis_inclusive_range_patterns)]` on by default
[INFO] [stdout] 
[INFO] [stdout] 
[INFO] [stdout] warning: `...` range patterns are deprecated
[INFO] [stdout]   --> src/converter.rs:22:23
[INFO] [stdout]    |
[INFO] [stdout] 22 |                 | b'a'...b'z'
[INFO] [stdout]    |                       ^^^ help: use `..=` for an inclusive range
[INFO] [stdout] 
[INFO] [stdout] 
[INFO] [stdout] warning: `...` range patterns are deprecated
[INFO] [stdout]   --> src/converter.rs:23:23
[INFO] [stdout]    |
[INFO] [stdout] 23 |                 | b'A'...b'Z' => {},
[INFO] [stdout]    |                       ^^^ help: use `..=` for an inclusive range
[INFO] [stdout] 
[INFO] [stdout] 
[INFO] [stdout] warning: `...` range patterns are deprecated
[INFO] [stdout]   --> src/converter.rs:75:23
[INFO] [stdout]    |
[INFO] [stdout] 75 |                   b'a'...b'z'
[INFO] [stdout]    |                       ^^^ help: use `..=` for an inclusive range
[INFO] [stdout] 
[INFO] [stdout] 
[INFO] [stdout] warning: `...` range patterns are deprecated
[INFO] [stdout]   --> src/converter.rs:76:23
[INFO] [stdout]    |
[INFO] [stdout] 76 |                 | b'A'...b'Z'
[INFO] [stdout]    |                       ^^^ help: use `..=` for an inclusive range
[INFO] [stdout] 
[INFO] [stdout] 
[INFO] [stdout] warning: `...` range patterns are deprecated
[INFO] [stdout]   --> src/converter.rs:77:23
[INFO] [stdout]    |
[INFO] [stdout] 77 |                 | b'0'...b'9'
[INFO] [stdout]    |                       ^^^ help: use `..=` for an inclusive range
[INFO] [stdout] 
[INFO] [stdout] 
[INFO] [stdout] warning: `...` range patterns are deprecated
[INFO] [stdout]   --> src/set1.rs:61:24
[INFO] [stdout]    |
[INFO] [stdout] 61 |             b' ' | b'a'...b'z' | b'A'...b'Z' => {
[INFO] [stdout]    |                        ^^^ help: use `..=` for an inclusive range
[INFO] [stdout] 
[INFO] [stdout] 
[INFO] [stdout] warning: `...` range patterns are deprecated
[INFO] [stdout]   --> src/set1.rs:61:38
[INFO] [stdout]    |
[INFO] [stdout] 61 |             b' ' | b'a'...b'z' | b'A'...b'Z' => {
[INFO] [stdout]    |                                      ^^^ help: use `..=` for an inclusive range
[INFO] [stdout] 
[INFO] [stdout] 
[INFO] [stdout] warning: `...` range patterns are deprecated
[INFO] [stdout]   --> src/converter.rs:21:23
[INFO] [stdout]    |
[INFO] [stdout] 21 |                   b'0'...b'9'
[INFO] [stdout]    |                       ^^^ help: use `..=` for an inclusive range
[INFO] [stdout]    |
[INFO] [stdout]    = note: `#[warn(ellipsis_inclusive_range_patterns)]` on by default
[INFO] [stdout] 
[INFO] [stdout] 
[INFO] [stdout] warning: `...` range patterns are deprecated
[INFO] [stdout]   --> src/converter.rs:22:23
[INFO] [stdout]    |
[INFO] [stdout] 22 |                 | b'a'...b'z'
[INFO] [stdout]    |                       ^^^ help: use `..=` for an inclusive range
[INFO] [stdout] 
[INFO] [stdout] 
[INFO] [stdout] warning: `...` range patterns are deprecated
[INFO] [stdout]   --> src/converter.rs:23:23
[INFO] [stdout]    |
[INFO] [stdout] 23 |                 | b'A'...b'Z' => {},
[INFO] [stdout]    |                       ^^^ help: use `..=` for an inclusive range
[INFO] [stdout] 
[INFO] [stdout] 
[INFO] [stdout] warning: `...` range patterns are deprecated
[INFO] [stdout]   --> src/converter.rs:75:23
[INFO] [stdout]    |
[INFO] [stdout] 75 |                   b'a'...b'z'
[INFO] [stdout]    |                       ^^^ help: use `..=` for an inclusive range
[INFO] [stdout] 
[INFO] [stdout] 
[INFO] [stdout] warning: `...` range patterns are deprecated
[INFO] [stdout]   --> src/converter.rs:76:23
[INFO] [stdout]    |
[INFO] [stdout] 76 |                 | b'A'...b'Z'
[INFO] [stdout]    |                       ^^^ help: use `..=` for an inclusive range
[INFO] [stdout] 
[INFO] [stdout] 
[INFO] [stdout] warning: `...` range patterns are deprecated
[INFO] [stdout]   --> src/converter.rs:77:23
[INFO] [stdout]    |
[INFO] [stdout] 77 |                 | b'0'...b'9'
[INFO] [stdout]    |                       ^^^ help: use `..=` for an inclusive range
[INFO] [stdout] 
[INFO] [stdout] 
[INFO] [stdout] warning: `...` range patterns are deprecated
[INFO] [stdout]   --> src/set1.rs:61:24
[INFO] [stdout]    |
[INFO] [stdout] 61 |             b' ' | b'a'...b'z' | b'A'...b'Z' => {
[INFO] [stdout]    |                        ^^^ help: use `..=` for an inclusive range
[INFO] [stdout] 
[INFO] [stdout] 
[INFO] [stdout] warning: `...` range patterns are deprecated
[INFO] [stdout]   --> src/set1.rs:61:38
[INFO] [stdout]    |
[INFO] [stdout] 61 |             b' ' | b'a'...b'z' | b'A'...b'Z' => {
[INFO] [stdout]    |                                      ^^^ help: use `..=` for an inclusive range
[INFO] [stdout] 
[INFO] [stdout] 
[INFO] [stdout] error[E0599]: no method named `push_all` found for struct `Vec<_>` in the current scope
[INFO] [stdout]   --> src/set1.rs:59:11
[INFO] [stdout]    |
[INFO] [stdout] 59 |         v.push_all(s.tail());
[INFO] [stdout]    |           ^^^^^^^^ method not found in `Vec<_>`
[INFO] [stdout] 
[INFO] [stdout] 
[INFO] [stdout] error[E0599]: no method named `tail` found for reference `&Vec<u8>` in the current scope
[INFO] [stdout]   --> src/set1.rs:59:22
[INFO] [stdout]    |
[INFO] [stdout] 59 |         v.push_all(s.tail());
[INFO] [stdout]    |                      ^^^^ method not found in `&Vec<u8>`
[INFO] [stdout] 
[INFO] [stdout] 
[INFO] [stdout] error[E0599]: no method named `push_all` found for struct `Vec<_>` in the current scope
[INFO] [stdout]   --> src/set1.rs:77:11
[INFO] [stdout]    |
[INFO] [stdout] 77 |         b.push_all(chunk);
[INFO] [stdout]    |           ^^^^^^^^ method not found in `Vec<_>`
[INFO] [stdout] 
[INFO] [stdout] 
[INFO] [stdout] error: aborting due to 3 previous errors; 8 warnings emitted
[INFO] [stdout] 
[INFO] [stdout] 
[INFO] [stdout] For more information about this error, try `rustc --explain E0599`.
[INFO] [stdout] 
[INFO] [stderr] error: could not compile `crypto`.
[INFO] [stderr] 
[INFO] [stderr] To learn more, run the command again with --verbose.
[INFO] [stderr] warning: build failed, waiting for other jobs to finish...
[INFO] [stdout] error[E0599]: no method named `push_all` found for struct `Vec<_>` in the current scope
[INFO] [stdout]   --> src/set1.rs:59:11
[INFO] [stdout]    |
[INFO] [stdout] 59 |         v.push_all(s.tail());
[INFO] [stdout]    |           ^^^^^^^^ method not found in `Vec<_>`
[INFO] [stdout] 
[INFO] [stdout] 
[INFO] [stdout] error[E0599]: no method named `tail` found for reference `&Vec<u8>` in the current scope
[INFO] [stdout]   --> src/set1.rs:59:22
[INFO] [stdout]    |
[INFO] [stdout] 59 |         v.push_all(s.tail());
[INFO] [stdout]    |                      ^^^^ method not found in `&Vec<u8>`
[INFO] [stdout] 
[INFO] [stdout] 
[INFO] [stdout] error[E0599]: no method named `push_all` found for struct `Vec<_>` in the current scope
[INFO] [stdout]   --> src/set1.rs:77:11
[INFO] [stdout]    |
[INFO] [stdout] 77 |         b.push_all(chunk);
[INFO] [stdout]    |           ^^^^^^^^ method not found in `Vec<_>`
[INFO] [stdout] 
[INFO] [stdout] 
[INFO] [stdout] error: aborting due to 3 previous errors; 8 warnings emitted
[INFO] [stdout] 
[INFO] [stdout] 
[INFO] [stdout] For more information about this error, try `rustc --explain E0599`.
[INFO] [stdout] 
[INFO] [stderr] error: build failed
[INFO] running `Command { std: "docker" "inspect" "35b2056dd4f9128ba448e9099c74581b97210c3257bf102c83d5cb80fecce956", kill_on_drop: false }`
[INFO] running `Command { std: "docker" "rm" "-f" "35b2056dd4f9128ba448e9099c74581b97210c3257bf102c83d5cb80fecce956", kill_on_drop: false }`
[INFO] [stdout] 35b2056dd4f9128ba448e9099c74581b97210c3257bf102c83d5cb80fecce956
